t + 32 = 2*s, 3*t + 2*t + 85 = 5*s. Let x(q) = 7*q**2 + 2*q - 24. Let y be x(6). Suppose y = 22*z - 6*z. What is the greatest common factor of z and s?
15
Let j be (-22)/(-4) - (-386837)/506. What is the highest common divisor of j and 198?
22
Suppose 19*v - 1008 = -23*v. Let o be ((-6)/(-15))/(2/850). Let y be 2/(-2) + o - 1. What is the greatest common divisor of v and y?
24
Let x be 3 - 3 - (-1 + -4). Let v(w) = -2*w - 3. Let c be v(0). Let m be (c - (-1 + -13)) + -1. Calculate the greatest common factor of x and m.
5
Let h = -609 - -611. Suppose 4 = h*l - 0, 5*a = 4*l + 772. What is the highest common divisor of a and 234?
78
Suppose t = -t + 56. Suppose -13 = 3*a - 2*u, -4*u + 5 + 6 = -a. Let w = 53 - a. Calculate the greatest common factor of t and w.
28
Suppose 6*l - 879 = 183. Let r = l - 165. Calculate the highest common divisor of 732 and r.
12
Let n = 28 + -12. Let d be (-4)/24 + -2 + 214/(-12). Let m be ((-48)/d)/(-6*(-2)/40). Calculate the greatest common divisor of n and m.
8
Suppose 176 = 13*l + 20. Suppose -28 - 116 = -l*z. Suppose 0 = 5*t - z*t + 441. What is the highest common divisor of 42 and t?
21
Suppose 995 + 3935 = 29*x. What is the greatest common factor of x and 1394?
34
Let u = -439453 + 439456. Let f be (-2)/(-4) + 170/4. What is the greatest common divisor of u and f?
1
Suppose 338*g - 2*k + 120916 = 340*g, 0 = -3*k - 27. Calculate the highest common factor of g and 253.
253
Let s(w) = -66*w + 746. Let x be s(11). Let c(z) = z**3 + 10*z**2 - 6*z - 2. Let q be c(-10). Let r = q + -8. What is the greatest common factor of x and r?
10
Let q = 30999 + -30993. Calculate the highest common factor of 237 and q.
3
Suppose 3*z - 29 = g - 47, -4*g - 5*z - 13 = 0. Calculate the highest common factor of g and 2.
1
Suppose 4*v + 704 = 2380. Suppose 83 = -3*g + v. Let z(r) = 3*r**3 - 3*r**2 + 3*r - 2. Let f be z(2). Calculate the highest common divisor of g and f.
16
Let o be 38 + (1 - 0)/(-1). Suppose -4*t + o = -15. Let a = t - -6. What is the greatest common factor of 209 and a?
19
Let p be (1187 - 28) + -2 - 1/(2/(-6)). Let x(u) = 7*u - 44. Let q be x(12). What is the highest common factor of p and q?
40
Let i be (-18)/(-8)*82/369*-112*-1. What is the highest common divisor of i and 6328?
56
Let u(o) = -457*o**3 + 2*o**2 + 43*o + 138. Let j be u(-3). What is the highest common factor of j and 72?
18
Let m be ((-9)/(-2))/((-17)/(-34)). Let j be m + (2/6)/((-18)/(-162)). Calculate the highest common divisor of 258 and j.
6
Let d(b) = 2*b - 14. Let w(z) = -z**2 + 18*z + 1. Suppose 102 = 13*q - 7*q. Let u be w(q). Let m be d(u). Calculate the highest common divisor of m and 55.
11
Suppose 2640 = -31*f + 39*f + 47*f. What is the highest common factor of f and 984?
24
Suppose 0*c + 884 = 4*c. Suppose 33*x = 55*x - 286. Calculate the greatest common factor of c and x.
13
Let d(h) = 12*h - 162. Let o be d(16). Suppose 4*r - o - 42 = -4*g, -3*g - 51 = -4*r. What is the highest common factor of 165 and r?
15
Let z = -389 + 849. Suppose -201*k = -197*k - z. What is the greatest common divisor of 23 and k?
23
Suppose 0 = 43*l + 67991 - 681988. Calculate the highest common divisor of l and 262.
131
Suppose 5*d = 2*g + 2440, 5*d - g - 488 = 4*d. Suppose 160 = 12*n - d. Suppose 3*x - n = 54. What is the highest common factor of x and 9?
9
Suppose s - 3 = 0, 4*b - s = 111 + 462. Suppose 7*m - b = 2*m - 4*q, 141 = 5*m + q. Suppose -4*c + 6 = -106. Calculate the highest common divisor of m and c.
28
Suppose 0 = p + 18*p - 171. Let g be (-338)/(-18) + -2 + 20/p. What is the greatest common factor of 361 and g?
19
Let u = -725 - -906. Let o = u + 1041. Calculate the highest common divisor of o and 13.
13
Suppose 5*h - 2*i = 287, 3*i = 4*h + 148 - 372. Suppose h = 7*x - 144. Suppose x*b - 31*b = -616. What is the greatest common factor of 28 and b?
28
Let m = -211 + 176. Let k = m - -101. Let u(s) = s**3 - 3*s**2 - s - 3. Let l be u(6). Calculate the highest common divisor of k and l.
33
Let v(w) = -w**3 - w**2 + 2*w. Let s be v(-4). Let t(k) = -119*k - 214. Let i be t(-2). Calculate the highest common divisor of s and i.
8
Let o(s) be the first derivative of 2*s**3/3 - s**2 + 7*s + 3. Let d be o(10). Let t be -2 + 2 - (6 + -17). What is the highest common factor of t and d?
11
Suppose 28*p + 33 = 39*p. Suppose 0 = p*v + 2*n - 36, -3*v - 3*n = -6*n - 51. Calculate the highest common factor of v and 154.
14
Let m be 900/(-300) - (44/(-66) - (-2017)/(-3)). Let j be (0 - 0) + 2*5. Calculate the highest common factor of m and j.
10
Let b(t) = t**3 - 15*t**2 + 16*t - 21. Let g be b(14). Let y be ((-867)/(-255))/(2/70). What is the greatest common divisor of g and y?
7
Let u = -1054 + 1053. Suppose 0 = 3*f + f - 80. Let l = f - u. Calculate the highest common divisor of 189 and l.
21
Let t = -5187 + 5306. What is the greatest common divisor of 34 and t?
17
Let y(l) = -3*l**3 + 6*l**2 - l - 6. Let m be y(-6). Suppose -3*h + m = h. Suppose -37092*z - 504 = -37106*z. What is the greatest common divisor of z and h?
36
Let p be (0 + 1/1)*0. Let d be 9 + -3 - (-2 - p). Suppose 3*u = u + d, y + 3*u - 20 = 0. Calculate the highest common factor of y and 64.
8
Let w(y) = 37*y**2 - 78*y + 57. Let s be w(-7). Calculate the greatest common factor of 16 and s.
16
Let k be -406*((-7)/6 + 4/6). Suppose 17*u - 307 = k. What is the highest common divisor of 10 and u?
10
Let d = -8082 + 8838. What is the greatest common divisor of d and 56?
28
Let n(p) = -4*p**3 - 37*p**2 - 23*p + 16. Let f be n(-9). What is the highest common divisor of 4 and f?
2
Let f = -37 - -39. Suppose -2*s = -4*o + 498, -2*o = f*o - 4*s - 492. Calculate the greatest common factor of o and 168.
42
Suppose 116 = -2*t + 2*s, 2*t - 3*s + 96 = -6*s. Let q be 230/26 - t/351. What is the greatest common divisor of 144 and q?
9
Let q(p) = -18*p**3 + p**2 + 3*p + 2. Let r be q(-1). Let d(f) = -f**3 + 19*f**2 - 15*f - 48. Let m be d(r). What is the highest common factor of m and 132?
6
Let w(i) = 0 + 12 + 0*i - i. Suppose v = -5*y - 35, 4 = 2*y + 21*v - 17*v. Let r be w(y). What is the greatest common factor of r and 20?
20
Suppose 2*w + 1 = y, 3*w = -4*y + 24 + 2. Suppose -425 = -8*q - 265. Suppose -21*r + q*r + 1 = 0. What is the highest common factor of r and y?
1
Suppose s = -2*p - 2*p, 4*s - 36 = -4*p. Suppose -1047 = -61*n - 71. What is the highest common factor of n and s?
4
Suppose -35 = -21*p + 14*p. Suppose -50 = -o - p*r, 4*r - 6*r = 5*o - 204. Calculate the greatest common factor of o and 160.
40
Let b be (-10)/(-60)*4*600. Calculate the greatest common factor of b and 112.
16
Let i = 10752 - 10698. What is the greatest common divisor of 96 and i?
6
Suppose 18*d - 17*d - 3363 = -5*y, 2*y + 13562 = 4*d. Calculate the greatest common divisor of 693 and d.
77
Let x = 3154 - 3119. What is the greatest common factor of x and 56?
7
Let b = 27 + -20. Let w(l) = -l**3 + 6*l**2 - 4*l + 5. Let v be w(b). Let z be 2*20/(-32)*v. Calculate the greatest common factor of 10 and z.
10
Suppose 48*q = 9586 - 1482 + 7256. Calculate the highest common factor of q and 6848.
64
Let y be 8910/220*((-46)/(-6) - 5). Suppose 4*c - 93 = 4*f + 3, 0 = -4*f. What is the greatest common divisor of y and c?
12
Suppose 5*w - 115 = -5*z, -w - 5*z + 23 = -20. Suppose 0 = 5*i - 10, 2*v = -14*i + 19*i + 44. What is the greatest common factor of v and w?
9
Suppose -4*z + 5*y + 139 + 6 = 0, 40 = 2*z + 4*y. Let c = 165 - z. Calculate the greatest common divisor of c and 30.
15
Let u(t) = 4*t**2 + 5*t + 59. Let n be u(-7). Let x = n - 120. Calculate the greatest common factor of x and 200.
100
Let g(b) = -382*b + 6916. Let x be g(14). What is the greatest common divisor of x and 864?
32
Let k(q) = 7*q**3 + q**2 + q - 1. Let y be k(1). Let n be (-714)/(-24) + 2/y. Let s = 666 - 646. Calculate the highest common factor of s and n.
10
Suppose -v - 70 = -6*v. Suppose -v - 66 = -2*n. Suppose 0 = -2*b + 13 + 3. Calculate the greatest common factor of b and n.
8
Let g = 37 - 36. Let m(a) = -4*a**2. Let z be m(g). Let o be (-3)/(12/z) - (2 + -5). Calculate the greatest common factor of 6 and o.
2
Let g = 816 + -690. Suppose -4*w = -2*z + 82, -g - 119 = -5*z + 2*w. Calculate the greatest common factor of 3 and z.
3
Suppose -3*i + 8 = 2*q